se 3, what is 1 + -122212010?
-122212002
In base 12, what is 164 - 4b86?
-4a22
In base 13, what is 14 - 9?
8
In base 4, what is -1033 + -101210011?
-101211110
In base 3, what is -11200202102 - -12?
-11200202020
In base 10, what is 3 - 33052?
-33049
In base 12, what is 15 + -3a76?
-3a61
In base 11, what is 227 + 11?
238
In base 16, what is -28c + 1d6?
-b6
In base 11, what is 301a + 2?
3021
In base 3, what is 2221022020 + -1?
2221022012
In base 12, what is 57 + -2801?
-2766
In base 2, what is -1010111 - 1000110100?
-1010001011
In base 12, what is -12 + 2540?
252a
In base 14, what is 707 + 8c?
795
In base 5, what is -1 + -333002?
-333003
In base 4, what is -12331323 - 3?
-12331332
In base 2, what is 101111011010101110001 + 11?
101111011010101110100
In base 6, what is 1 + -351021?
-351020
In base 16, what is 5422c - 1?
5422b
In base 8, what is 47307707 - 4?
47307703
In base 12, what is -6 + -70466?
-70470
In base 16, what is -260 + 99?
-1c7
In base 12, what is 59 - 14058?
-13bbb
In base 8, what is 1 + -12505?
-12504
In base 13, what is 240 + -2?
23b
In base 9, what is 71678 + -6?
71672
In base 2, what is -1100 - -10011110010101000101?
10011110010100111001
In base 7, what is 256430 + -3?
256424
In base 6, what is -2545 + -1111?
-4100
In base 3, what is -111111121 - 2?
-111111200
In base 9, what is 35 - 40076?
-40041
In base 10, what is 0 + 698283?
698283
In base 11, what is -2739a0 + 3?
-273998
In base 9, what is 315 + -414?
-88
In base 4, what is -11021301 - -11?
-11021230
In base 7, what is 415 - 1411?
-663
In base 15, what is -161 - 1a?
-17b
In base 16, what is -b1c4 + -b?
-b1cf
In base 13, what is 12815 + 10?
12825
In base 12, what is 54bb + 25?
5524
In base 4, what is 32213033132 + -10?
32213033122
In base 7, what is 26 + 65231?
65260
In base 7, what is 24103 - -322?
24425
In base 10, what is -2215896 - -1?
-2215895
In base 5, what is -212311 - -33?
-212223
In base 12, what is 2a00 - 16?
29a6
In base 8, what is 1030 - -15?
1045
In base 6, what is -144 - 30301?
-30445
In base 4, what is 0 - -10112122?
10112122
In base 13, what is 23c7c - 15?
23c67
In base 4, what is -13323 + -1102300?
-1122223
In base 3, what is 202110 - -22120202?
100100012
In base 7, what is -1 + 42202?
42201
In base 7, what is 23142 + -12?
23130
In base 15, what is 345c5 + 2?
345c7
In base 13, what is -4174 - -5?
-416c
In base 12, what is 4 + 395b?
3963
In base 3, what is -22012222 + -2122?
-22022121
In base 7, what is -130 - -3556?
3426
In base 16, what is 117e9 + -1?
117e8
In base 4, what is -30232 + 202033?
111201
In base 5, what is 134040131 + 12?
134040143
In base 12, what is -2 - -3059b7?
3059b5
In base 3, what is 11 + -22001120202?
-22001120121
In base 13, what is -763b + -36?
-7674
In base 8, what is 4640 - 44?
4574
In base 7, what is -4303 + -3504?
-11110
In base 10, what is -1297398 + 5?
-1297393
In base 3, what is -122102022 - 11?
-122102110
In base 12, what is -76953 + -2?
-76955
In base 7, what is -3 + 356636?
356633
In base 3, what is 10211 - -20112?
101100
In base 6, what is -143 + 51?
-52
In base 3, what is -10 - -210100201001?
210100200221
In base 2, what is 101111101011 - -1000100100?
111000001111
In base 8, what is -4 + -26404?
-26410
In base 16, what is 73ce + 15?
73e3
In base 16, what is 46 + 4ee8?
4f2e
In base 10, what is -645 + -47?
-692
In base 12, what is 1085 - 1787?
-702
In base 7, what is 1405 - -3456?
5164
In base 5, what is 23 + -220311?
-220233
In base 2, what is -111 + -10000010000?
-10000010111
In base 16, what is 428d4 - 2?
428d2
In base 8, what is 11420 + 13?
11433
In base 6, what is -10513142 + -2?
-10513144
In base 3, what is -1210 + 1202020210?
1202012000
In base 7, what is -312021 + -312?
-312333
In base 4, what is -12111 - -301110?
222333
In base 9, what is 37667 + -4?
37663
In base 10, what is 4 - -1574736?
1574740
In base 3, what is -11 + -1020021102000?
-1020021102011
In base 15, what is cd - -55?
133
In base 9, what is 267 + -74?
183
In base 10, what is -100031 - 1?
-100032
In base 11, what is -1281a26 - -3?
-1281a23
In base 7, what is -14062 + 6?
-14053
In base 15, what is 4 + 9a76?
9a7a
In base 3, what is -10010222211 + 10?
-10010222201
In base 7, what is 4 - 231652?
-231645
In base 6, what is -2040525 - -5?
-2040520
In base 3, what is -2 - 11110000111?
-11110000120
In base 11, what is -197329 + 6?
-197323
In base 15, what is -c71 - -1b?
-c55
In base 15, what is 2 - -3b4?
3b6
In base 10, what is 180940 + 4?
180944
In base 9, what is -8540 + -114?
-8654
In base 6, what is -350 - 1010?
-1400
In base 5, what is 1 - -13111343?
13111344
In base 7, what is 1112 - -13332?
14444
In base 16, what is -92d + -26?
-953
In base 7, what is -1035 + 63254?
62216
In base 16, what is -9be0 - e?
-9bee
In base 9, what is -1 - -5735?
5734
In base 14, what is -4c + 59d?
551
In base 16, what is 5 - -b6a2?
b6a7
In base 4, what is 10 + -2212113?
-2212103
In base 3, what is 10110000101 - -1101?
10110001202
In base 16, what is 7400 + 3?
7403
In base 11, what is 1439 + -275?
1174
In base 5, what is -1031 + 403041?
402010
In base 11, what is 81 - -7a93?
8064
In base 3, what is 11100 - 2200000?
-2111200
In base 3, what is 102 - -201202000210?
201202001012
In base 12, what is 24 + 6982?
69a6
In base 16, what is 3a - -a17?
a51
In base 2, what is -10 + -1000111000?
-1000111010
In base 9, what is 277 + 31020?
31307
In base 12, what is -170a + 582?
-1148
In base 12, what is -10 + -123b?
-124b
In base 12, what is -4 + 6741?
6739
In base 5, what is 1 + -4023012?
-4023011
In base 15, what is -7c7 - -c?
-7ba
In base 2, what is 11001100 + -11111111010?
-11100101110
In base 5, what is 3 + -30321?
-30313
In base 5, what is -43134 + -143?
-43332
In base 10, what is 4 + 82163?
82167
In base 12, what is 2ab1 - 8?
2aa5
In base 5, what is 123321 + -1330?
121441
In base 9, what is 154033 - 5?
154027
In base 5, what is -422 - 14412?
-20334
In base 16, what is 5 + -ce2a0?
-ce29b
In base 7, what is 5 - -304052?
304060
In base 5, what is 23322013 + 0?
23322013
In base 6, what is 105 + 420043?
420152
In base 8, what is -4 - 2740?
-2744
In base 3, what is -22111120 - 11?
-22111201
In base 12, what is 4 + 3995?
3999
In base 8, what is 6777 + -323?
6454
In base 2, what is 10 - -10001100010101101?
10001100010101111
In base 12, what is 15510 + 8?
15518
In base 16, what is d + 104b3?
104c0
In base 10, what is 1 - -159628?
159629
In base 14, what is 3 - 5998?
-5995
In base 9, what is 10 + 84845?
84855
In base 7, what is 30 - -152254?
152314
In base 2, what is -10000101 - 10111000?
-100111101
In base 13, what is 3b9 + 43?
42c
In base 5, what is 220 + -2410341?
-2410121
In base 13, what is 169 + -3331?
-3195
In base 3, what is 20011 - 200110?
-110022
In base 15, what is -14 - -e0?
cb
In base 8, what is 117352 - 0?
117352
In base 16, what is d + -2cd?
-2c0
In base 7, what is 3430344 - 2?
3430342
In base 16, what is -b710 + -1?
-b711
In base 2, what is -11 - -11111011011011?
11111011011000
In base 9, what is -5 - -128348?
128343
In base 11, what is -1 + -429347?
-429348
In base 2, what is -110 - -10010011110001100?
10010011110000110
In base 16, what is 18 + -315?
-2fd
In base 12, what is 5 + -604a?
-6045
In base 2, what is -100101 - -1000011101010111?
1000011100110010
In base 5, what is 12143322 + -11?
12143311
In base 11, what is 101 + -104?
-3
In base 11, what is 3173a7 + 5?
317401
In base 9, what is -721 - -531?
-180
In base 6, what is -12440 + 205?
-12231
In base 12, what is -1 - 4b018?
-4b019
In base 15, what is 16 - -c72?
c88
In base 5, what is 3 + -320300?
-320242
In base 10, what is 340073 - 4?
340069
In base 12, what is 28138 - 1?
28137
In base 12, what is 4 - -4198a0?
4198a4
In base 11, what is -112267 + 4?
-112263
In base 15, what is 3043 + -2?
3041
In base 7, what is -1321142 + 41?
-1321101
In base 14, what is -216 + d4?
-122
In base 16, what is 692c - 5?
6927
In base 8, what is 242 + 136?
400
In base 3, what is -2 + -210120220?
-210120222
In base 15, what is -695 + -17d?
-823
In base 3, what is -11 - -222101100012?
222101100001
In base 4, what is -1113202 - 121?
-1113323
In base 9, what is -852 - 105?
-1057
In base 8, what is 2607 + 146?
2755
In base 10, what is 13503 + -5?
13498
In base 13, what is 110a - -12b?
1238
In base 4, what is 231 + 1001013?
1001310
In base 3, what 